359
Let n = 213 + 1713. Suppose -n = 9*x - 6012. What are the prime factors of x?
2, 227
List the prime factors of 789/1315 + (-127494)/(-10).
2, 3, 5, 17
Suppose 0*l - a = 4*l - 57746, 0 = -2*l + 2*a + 28878. List the prime factors of l.
14437
Suppose -4*c + 3*o - 1694 + 322 = 0, c + 343 = -4*o. Let s = 1014 - c. List the prime factors of s.
23, 59
Let o = -50 - -52. Suppose -o*c + 250 = -416. Suppose 0 = -3*l - 0*l + c. What are the prime factors of l?
3, 37
Suppose -x + 671 = -4*r, -5*x + 0*x + 3309 = 3*r. Suppose -3*j + 171 = -2*j + 5*t, 4*j - x = t. List the prime factors of j.
2, 83
Let h(k) = 88*k - 475. What are the prime factors of h(54)?
7, 13, 47
Suppose 38 = 5*i - 7. Let f be 1/((3/i)/(2/6)). List the prime factors of 8 - -73 - (-4)/f.
5, 17
Let x(m) be the second derivative of -27*m**3/2 - 11*m**2/2 + 47*m. What are the prime factors of x(-3)?
2, 29
Let y = -67766 + 113442. What are the prime factors of y?
2, 19, 601
Suppose 7*y - 4*y = -2*l + 63625, l - y = 31830. List the prime factors of l.
11, 263
Let u = 2549 - -407. List the prime factors of u.
2, 739
Let q = -12011 + 21808. What are the prime factors of q?
97, 101
Let x(k) = 328*k + 980. Let m be x(-3). Let u be (-2 + 4)/(2/(-26)). What are the prime factors of 3/m*u*(-10)/(-15)?
13
Suppose -2 = -3*u - 8, -s + 337 = 3*u. Let j = s - 253. What are the prime factors of j?
2, 3, 5
Suppose 38*b + 96*b - 5179400 = -11*b. List the prime factors of b.
2, 5, 19, 47
List the prime factors of 73 - 65 - (3 + -8700).
5, 1741
Let m = 31704 - 21199. What are the prime factors of m?
5, 11, 191
Suppose a + 17*k - 315 = 12*k, 0 = 2*a + 5*k - 640. What are the prime factors of a?
5, 13
Let n(t) = 7*t**2 - 16*t + 230. Let f be n(-30). Suppose -d - 4*p = -6*d + f, 4*d - 5608 = 3*p. What are the prime factors of d?
2, 701
Let p = -34 + 12. List the prime factors of ((-4)/p + 3480/99)*15.
2, 5, 53
Let r = -66 - -36. Let s = 3 - r. Suppose 3*f = 3 + s. What are the prime factors of f?
2, 3
Let b = -982 - -2052. Suppose 0 = -2*m - 3*l + 544, -3*l - b = 12*m - 16*m. List the prime factors of m.
269
Suppose 10*m - 48 = -2*m. Suppose 3*n = 2*n - 5, -2165 = -m*b - 3*n. What are the prime factors of b?
5, 109
Suppose 3*w - 734 = 4*a + a, 0 = 3*a - w + 438. Let d = a + 127. What are the prime factors of (-1182)/d + (0 - 6/9)?
5, 13
Let h(t) = t**3 + 153*t**2 + 245*t + 74. List the prime factors of h(-150).
2, 3853
Let d(f) = -12*f + 376. Let i be d(-20). List the prime factors of 21/(i/(-208) + 3).
2, 3, 7, 13
Suppose 0 = -4*m - 3*j + 49975, 24*m + 5*j = 27*m - 37445. List the prime factors of m.
2, 5, 1249
Let y(u) = u**3 + 26*u**2 - 35*u + 48. Suppose -2*v = 5*g + 64, 2*v + g + 32 = -24. What are the prime factors of y(v)?
2, 3, 11
List the prime factors of (-92945)/(-55) + (-42)/22 + 2.
2, 5, 13
Let r be (-5 - -6)/(8/216). Let l = r - -32. What are the prime factors of l?
59
Let g = 82931 - 43242. What are the prime factors of g?
13, 43, 71
Let k(h) = h**3 - 12*h**2 - 13*h + 9. Let r be k(13). Suppose r*f - 10*f = 0. Suppose f = 2*d + 2 - 118. List the prime factors of d.
2, 29
Let s = 52099 + -19379. List the prime factors of s.
2, 5, 409
Suppose 4*k + 36616 = 2*i, 6898 = -4*i + 4*k + 80110. List the prime factors of i.
2, 7, 1307
Let j = 23850 - 10307. What are the prime factors of j?
29, 467
Let c(j) = 2430*j**2 - 180*j + 541. What are the prime factors of c(3)?
21871
Suppose -12*y + 5165 = -1927. Suppose 3*p = 6*c - 2*c + 892, 2*p = -c + y. List the prime factors of p.
2, 37
Let s(z) be the third derivative of -7*z**5/40 + z**4/12 + 11*z**3/6 + 2*z**2. Let b(a) be the first derivative of s(a). What are the prime factors of b(-2)?
2, 11
Suppose 3*s - t - 2*t = -36, 24 = -2*s - 3*t. Let h be 2/(-1)*1 - (-14 - s). Suppose 5*m + 515 = -n + 3*n, -n - m + 254 = h. List the prime factors of n.
3, 5, 17
Let x(j) = -65*j - 1298. Let f be x(-20). Let k be (2 - 0 - 2)/1. Suppose -f*y + 0*y = 5*q - 481, q + 3*y - 91 = k. List the prime factors of q.
97
Let o(q) = 139*q**2 + 51*q + 33. List the prime factors of o(-7).
13, 499
What are the prime factors of (-11 + 3638/85)/((-2)/(-40))?
2, 3, 53
Let s = -31 + 41. Suppose 10 = 4*v - s. Suppose -v*d = -10*d + 200. List the prime factors of d.
2, 5
Let i(f) = 101*f - 33. Let p be (200/(-80))/((-10)/24). List the prime factors of i(p).
3, 191
Let c(f) be the third derivative of -f**4/8 + 22*f**3/3 - 14*f**2. Let r be c(17). List the prime factors of (46/(-4))/(r/42).
3, 23
Let y = 52 + -50. Suppose -2*j = -2*a - 2, -3*a = -y*j + 3 + 1. List the prime factors of (a - (-32)/(-12))*-18.
2, 3, 7
Let s be ((-4)/(-16))/(2/72). What are the prime factors of (21/14)/(2/12912*s)?
2, 269
Suppose 0 = 5*p - 8*y - 26046, 0 = -y - 33 + 31. What are the prime factors of p?
2, 19, 137
Let b(f) = 4*f**2 + 2*f - 482. Let s(q) = 11*q**2 + 6*q - 1447. Let v(c) = 8*b(c) - 3*s(c). What are the prime factors of v(0)?
5, 97
Let z(v) = -v + 10. Let i be z(-12). Suppose -42*q = -i*q - 22700. What are the prime factors of q?
5, 227
Let d = -261 + 269. Suppose 383 = d*g - 7*g. List the prime factors of g.
383
Suppose -6*h + 47 = 11. Suppose -h*g - 2 + 8 = 0. What are the prime factors of -1*g/(2/(-209 - -3))?
103
Let r = 30 + -28. Suppose -695 = -c + r*f - 117, 3*c - f - 1719 = 0. What are the prime factors of c?
2, 11, 13
Let n(a) = -68*a - 632. What are the prime factors of n(-44)?
2, 5, 59
Let a(i) = 13*i - 39. Let f be a(4). List the prime factors of ((-2145)/(-9))/(f/78).
2, 5, 11, 13
Let p be (-3*20/(-15))/6*9. Suppose -6*n + n + 2*w + 1006 = 0, 5*n - w - 1003 = 0. Suppose -n = -p*r + r. What are the prime factors of r?
2, 5
Let o = 286 - 286. Suppose 2*a + 589 = 2*l - 465, 4*a - 16 = o. What are the prime factors of l?
3, 59
Suppose 2*j + 5*s = 42139, 3*s + 84187 = 427*j - 423*j. What are the prime factors of j?
2, 19, 277
Let a(t) = 5*t**3 - 5*t**2 + 7. Suppose 6*l + l - 21 = 0. Let y = 0 + l. List the prime factors of a(y).
97
Suppose 0 = 4*p + 4*v - 248, 0 = 4*p + 12*v - 7*v - 243. Let a = -2 - 1. List the prime factors of (-3 - p/3)*a.
2, 19
Let f(u) = u**3 - u**2 + 8*u + 42. Let r be f(-6). Let t = 717 + r. What are the prime factors of t?
3, 17
Let x = 1413 + 3409. What are the prime factors of x?
2, 2411
Let o be 4/24*-3*-8. Suppose o*p = -4*p. Suppose 0 = -2*x - 2, 0 = 2*c + x - p - 9. What are the prime factors of c?
5
Suppose 2 = -2*j + 4*j. Let p(y) = 513*y**2 - 3*y + 2. Let q be p(j). Suppose -4*v + q = -3*z - z, 5*z = -v + 128. List the prime factors of v.
2
Let s(f) = -5*f + 78 - 35 + 74. List the prime factors of s(9).
2, 3
Let g(q) = -12*q**3 + 9*q**2 - 13*q - 3. List the prime factors of g(-8).
19, 359
Let i(j) = 26*j**2 - 46*j + 30. What are the prime factors of i(23)?
2, 3, 7, 101
Suppose -48774 = -10*w - w. Suppose -w - 6533 = -11*p. List the prime factors of p.
997
Let u be (6/(-16))/3 - (-1128)/(-192). List the prime factors of 34/(-51) - 1019/u*2.
3, 113
Let z = 658 + -254. Let p be (-8)/(-3)*((-30)/16)/(110/(-264)). List the prime factors of 1/(-4)*(p + -13)*z.
101
Let m(a) = 3*a**3 - 8*a**2 + 2*a - 97. What are the prime factors of m(15)?
2, 4129
List the prime factors of ((-1443)/52 - -1 - -4)*(-1 - 203).
3, 7, 13, 17
Let p(k) = 3*k**3 - 25*k**2 + 121*k - 12. List the prime factors of p(10).
2, 3, 283
Let v(u) = 10*u + 103. Let f be v(-10). Suppose -f*a = -178 - 1016. What are the prime factors of a?
2, 199
Let k(t) = 18670*t - 18687*t + 6*t**2 + 21 + t**2. List the prime factors of k(11).
3, 227
Suppose 7*t - 11044 = 3579. List the prime factors of t.
2089
Suppose -4*a - 4*h + 5 + 11 = 0, -2*h = 4*a - 12. Let i(m) = 2*m + 6*m**2 + 5*m**a - 7*m**2 - m**2 - 4 + 11*m**3. List the prime factors of i(2).
2, 5
Suppose -5*y + 0*y + 235 = 0. Let h = y - 41. Let l(r) = 11*r + 6. What are the prime factors of l(h)?
2, 3
Let t(q) = q**3 - 10*q**2 + 8*q + 14. Let k be t(9). Suppose -336 = -k*y - 36. Let g = y - 42. What are the prime factors of g?
2, 3
Let r = 58426 - 30369. List the prime factors of r.
28057
Let w(h) = 91*h + 11. Suppose 4*m = r - 24, 0*m = -2*r - 5*m - 17. Let v be w(r). Suppose -7*n - 25 + v = 0. What are the prime factors of n?
2, 5
Let p(o) = o**2 + 11*o - 3. Let l(w) = 4*w - 1. Let r(m) = -17*l(m) + 6*p(m). Let g be r(-1). Suppose g*j + 274 - 